{"id":4615,"date":"2018-11-25T12:18:47","date_gmt":"2018-11-25T12:18:47","guid":{"rendered":"http:\/\/www.rockgegenrechts.com\/?page_id=4615"},"modified":"2019-04-19T21:00:29","modified_gmt":"2019-04-19T21:00:29","slug":"jamel-rockt-den-foerster","status":"publish","type":"page","link":"http:\/\/www.rockgegenrechts.com\/?page_id=4615","title":{"rendered":"Jamel rockt den F\u00f6rster"},"content":{"rendered":"<p><img loading=\"lazy\" decoding=\"async\" class=\"aligncenter wp-image-4769\" src=\"https:\/\/rockgegenrechts.bplaced.net\/wp-content\/uploads\/2019\/01\/Forstrock-Jamel-rockt-Foerster.png\" alt=\"\" width=\"327\" height=\"313\" data-temp-aztec-id=\"332e6fb5-eca8-422e-8028-bea011766601\" srcset=\"https:\/\/rockgegenrechts.bplaced.net\/wp-content\/uploads\/2019\/01\/Forstrock-Jamel-rockt-Foerster.png 900w, https:\/\/rockgegenrechts.bplaced.net\/wp-content\/uploads\/2019\/01\/Forstrock-Jamel-rockt-Foerster-150x144.png 150w\" sizes=\"(max-width: 327px) 100vw, 327px\" \/><\/p>\n<p>Seit 2016 unterst\u00fctzen wir das j\u00e4hrlich stattfindende Festival &#8222;Jamel rockt den F\u00f6rster&#8220;. Wir organisierten bis 2018 einen Teil der Crew. Damit sind waren mit die Ersten vor Ort um den Aufbau mitzuorganisieren. Einzelne Schichten (z.B. K\u00fcche, Parplatz, Nachtwache &#8230;) wurden durch unsere Helfer abgedeckt. Wir f\u00fchren seit 2017 ein \u00f6ffentliche Festivalfr\u00fchst\u00fcck durch, um die morgendliche Versorgung der Festivalbesucher abzudecken. Weiterhin versorgen wir seit 2018 die Helfer in den Aufbautagen.<br \/>\nDu m\u00f6chtest mitmachen? <a href=\"http:\/\/www.rockgegenrechts.com\/?page_id=7\"><strong>&gt;&gt;&gt;Kontaktiere uns&lt;&lt;&lt;<\/strong><\/a><\/p>\n<p><iframe loading=\"lazy\" style=\"border: none; overflow: hidden;\" src=\"https:\/\/www.facebook.com\/plugins\/video.php?href=https%3A%2F%2Fwww.facebook.com%2Frgrstralsund%2Fvideos%2F1878713472151456%2F&amp;show_text=0&amp;width=560\" width=\"560\" height=\"315\" frameborder=\"0\" scrolling=\"no\" allowfullscreen=\"allowfullscreen\"><\/iframe><\/p>\n","protected":false},"excerpt":{"rendered":"<p>Seit 2016 unterst\u00fctzen wir das j\u00e4hrlich stattfindende Festival &#8222;Jamel rockt den F\u00f6rster&#8220;. Wir organisierten bis 2018 einen Teil der Crew. Damit sind waren mit die Ersten vor Ort um den Aufbau mitzuorganisieren. Einzelne Schichten (z.B. K\u00fcche, Parplatz, Nachtwache &#8230;) wurden durch unsere Helfer abgedeckt. Wir f\u00fchren seit 2017 ein \u00f6ffentliche Festivalfr\u00fchst\u00fcck durch, um die morgendliche &hellip; <a href=\"http:\/\/www.rockgegenrechts.com\/?page_id=4615\" class=\"more-link\"><span class=\"screen-reader-text\">Jamel rockt den F\u00f6rster<\/span> weiterlesen<\/a><\/p>\n","protected":false},"author":1,"featured_media":0,"parent":4601,"menu_order":2,"comment_status":"closed","ping_status":"closed","template":"","meta":{"jetpack_post_was_ever_published":false,"footnotes":""},"class_list":["post-4615","page","type-page","status-publish","hentry"],"jetpack_shortlink":"https:\/\/wp.me\/P63KIm-1cr","jetpack_sharing_enabled":true,"_links":{"self":[{"href":"http:\/\/www.rockgegenrechts.com\/index.php?rest_route=\/wp\/v2\/pages\/4615"}],"collection":[{"href":"http:\/\/www.rockgegenrechts.com\/index.php?rest_route=\/wp\/v2\/pages"}],"about":[{"href":"http:\/\/www.rockgegenrechts.com\/index.php?rest_route=\/wp\/v2\/types\/page"}],"author":[{"embeddable":true,"href":"http:\/\/www.rockgegenrechts.com\/index.php?rest_route=\/wp\/v2\/users\/1"}],"replies":[{"embeddable":true,"href":"http:\/\/www.rockgegenrechts.com\/index.php?rest_route=%2Fwp%2Fv2%2Fcomments&post=4615"}],"version-history":[{"count":9,"href":"http:\/\/www.rockgegenrechts.com\/index.php?rest_route=\/wp\/v2\/pages\/4615\/revisions"}],"predecessor-version":[{"id":4889,"href":"http:\/\/www.rockgegenrechts.com\/index.php?rest_route=\/wp\/v2\/pages\/4615\/revisions\/4889"}],"up":[{"embeddable":true,"href":"http:\/\/www.rockgegenrechts.com\/index.php?rest_route=\/wp\/v2\/pages\/4601"}],"wp:attachment":[{"href":"http:\/\/www.rockgegenrechts.com\/index.php?rest_route=%2Fwp%2Fv2%2Fmedia&parent=4615"}],"curies":[{"name":"wp","href":"https:\/\/api.w.org\/{rel}","templated":true}]}}

Jamel rockt den Förster

<p><img loading="lazy" decoding="async" class="aligncenter wp-image-4769" src="https://rockgegenrechts.bplaced.net/wp-content/uploads/2019/01/Forstrock-Jamel-rockt-Foerster.png" alt="" width="327" height="313" data-temp-aztec-id="332e6fb5-eca8-422e-8028-bea011766601" srcset="https://rockgegenrechts.bplaced.net/wp-content/uploads/2019/01/Forstrock-Jamel-rockt-Foerster.png 900w, https://rockgegenrechts.bplaced.net/wp-content/uploads/2019/01/Forstrock-Jamel-rockt-Foerster-150x144.png 150w" sizes="(max-width: 327px) 100vw, 327px" /></p>
<p>Seit 2016 unterstützen wir das jährlich stattfindende Festival &#8222;Jamel rockt den Förster&#8220;. Wir organisierten bis 2018 einen Teil der Crew. Damit sind waren mit die Ersten vor Ort um den Aufbau mitzuorganisieren. Einzelne Schichten (z.B. Küche, Parplatz, Nachtwache &#8230;) wurden durch unsere Helfer abgedeckt. Wir führen seit 2017 ein öffentliche Festivalfrühstück durch, um die morgendliche Versorgung der Festivalbesucher abzudecken. Weiterhin versorgen wir seit 2018 die Helfer in den Aufbautagen.<br />
Du möchtest mitmachen? <a href="http://www.rockgegenrechts.com/?page_id=7"><strong>&gt;&gt;&gt;Kontaktiere uns&lt;&lt;&lt;</strong></a></p>
<p><iframe loading="lazy" style="border: none; overflow: hidden;" src="https://www.facebook.com/plugins/video.php?href=https%3A%2F%2Fwww.facebook.com%2Frgrstralsund%2Fvideos%2F1878713472151456%2F&amp;show_text=0&amp;width=560" width="560" height="315" frameborder="0" scrolling="no" allowfullscreen="allowfullscreen"></iframe></p>

<p>Seit 2016 unterstützen wir das jährlich stattfindende Festival &#8222;Jamel rockt den Förster&#8220;. Wir organisierten bis 2018 einen Teil der Crew. Damit sind waren mit die Ersten vor Ort um den Aufbau mitzuorganisieren. Einzelne Schichten (z.B. Küche, Parplatz, Nachtwache &#8230;) wurden durch unsere Helfer abgedeckt. Wir führen seit 2017 ein öffentliche Festivalfrühstück durch, um die morgendliche &hellip; <a href="http://www.rockgegenrechts.com/?page_id=4615" class="more-link"><span class="screen-reader-text">Jamel rockt den Förster</span> weiterlesen</a></p>
