{"id":4875,"date":"2019-04-19T20:36:25","date_gmt":"2019-04-19T20:36:25","guid":{"rendered":"http:\/\/www.rockgegenrechts.com\/?page_id=4875"},"modified":"2023-09-29T23:05:50","modified_gmt":"2023-09-29T23:05:50","slug":"rythm-against-racism","status":"publish","type":"page","link":"http:\/\/www.rockgegenrechts.com\/?page_id=4875","title":{"rendered":"Rhythmus gegen Rassismus"},"content":{"rendered":"<p><a title=\"Jetzt spenden f\u00fcr \u201e\" href=\"https:\/\/www.betterplace.org\/de\/projects\/91338-rhythmus-gegen-rassismus-guestrow?utm_campaign=donate_btn&amp;utm_content=project%2391338&amp;utm_medium=external_banner&amp;utm_source=projects\" target=\"_blank\" rel=\"noopener\"><img loading=\"lazy\" decoding=\"async\" style=\"border: 0px;\" src=\"https:\/\/betterplace-assets.betterplace.org\/static-images\/projects\/donation-button-de.png\" alt=\"Jetzt Spenden! Das Spendenformular wird von betterplace.org bereit gestellt.\" width=\"160\" height=\"100\" \/><\/a><\/p>\n<p><strong>Unterst\u00fctzt uns, denn am 30.09.23 soll es ein &#8222;Rhythmus gegen Rassismus&#8220; in G\u00fcstrow geben. Ein Zeichen f\u00fcr Demokratie und Vielfalt, gegen Rechts und Menschenfeindlichkeit.\u00a0<\/strong><\/p>\n<h5><strong>Was soll passieren<\/strong><\/h5>\n<p>&#8222;Rhythmus gegen Rassismus\u201c ist ein ehrenamtlich organisiertes Konzert der RGR Lokalgruppe G\u00fcstrow, eine Gruppe bestehenden aus Jugendlichen und jungen Erwachsen. 2019 war das Projekt Teil der Stiftung &#8222;children for a better world&#8220; und unterst\u00fctzten es mit ihrem F\u00f6rderprogramm. Zudem hat der KiKa &#8211; Kinderkanal darum gebeten, dass sich die Initiative f\u00fcr den KiKa-Award 2020 bewerben soll. Leider ist die zutreffende Award-Kategorie Pandemiebedingt ausgeschlossen worden. Akteure der Gruppe wurden 2019 gecoacht, haben einen Preis bekommen und wurden zudem von der Stiftung &#8222;children dir a better world&#8220; f\u00fcr den Deutschen Ehrenamtspreis vorgeschlagen. Nachdem die Lokalgruppe G\u00fcstrow 2019 die erste Veranstaltung mit viel Medienpr\u00e4senz und R\u00fcckendeckung durch Organisationen und Landespolitik durchf\u00fchrte, m\u00f6chte man aus gewonnenen Erfahrungen sch\u00f6pfen und auch 2023 das Konzert, in diesem Jahr ohne Familienfest, organisieren. Es werden verschiedene Musikgruppen auftreten. Die Jugendlichen werden bei der Organisation von einem Gewaltpr\u00e4ventionstrainer begleitet und empowert.<\/p>\n<p>&nbsp;<\/p>\n<p><img loading=\"lazy\" decoding=\"async\" class=\"aligncenter size-full wp-image-5547\" src=\"https:\/\/rockgegenrechts.bplaced.net\/wp-content\/uploads\/2023\/09\/signal-2023-09-16-16-52-48-024.png\" alt=\"\" width=\"819\" height=\"1024\" srcset=\"https:\/\/rockgegenrechts.bplaced.net\/wp-content\/uploads\/2023\/09\/signal-2023-09-16-16-52-48-024.png 819w, https:\/\/rockgegenrechts.bplaced.net\/wp-content\/uploads\/2023\/09\/signal-2023-09-16-16-52-48-024-120x150.png 120w, https:\/\/rockgegenrechts.bplaced.net\/wp-content\/uploads\/2023\/09\/signal-2023-09-16-16-52-48-024-240x300.png 240w\" sizes=\"(max-width: 819px) 100vw, 819px\" \/><\/p>\n<h5>Ziele<\/h5>\n<p>Eine eigenst\u00e4ndige Organisierung des Events durch die Jugendlichen<\/p>\n<p>ein klares Zeichen gegen antidemokratische, rassistische und rechtsradikale Positionen f\u00fcr eine weltoffene, humanistische und tolerante Gesellschaft setzen<br \/>\nlokale Kultur bereichern Attraktivit\u00e4t der Stadt f\u00fcr Jugend und den Tourismus steigern Aktivierung und Empowerment der Jugend interkulturellen Austausch f\u00f6rdern unsere RGR G\u00fcstrow Gruppe als Tr\u00e4ger f\u00fcr demokratische und humanistische Kultur und Bildung etablieren V\u00f6lkerverst\u00e4ndigung f\u00f6rdern<br \/>\njungen Menschen und lokalen Initiativen eine<\/p>\n<p><a title=\"Jetzt spenden f\u00fcr \u201e\" href=\"https:\/\/www.betterplace.org\/de\/projects\/91338-rhythmus-gegen-rassismus-guestrow?utm_campaign=donate_btn&amp;utm_content=project%2391338&amp;utm_medium=external_banner&amp;utm_source=projects\" target=\"_blank\" rel=\"noopener\"><img loading=\"lazy\" decoding=\"async\" src=\"https:\/\/betterplace-assets.betterplace.org\/static-images\/projects\/donation-button-de.png\" alt=\"Jetzt Spenden! Das Spendenformular wird von betterplace.org bereit gestellt.\" width=\"160\" height=\"100\" \/><\/a><\/p>\n<p>&nbsp;<\/p>\n<h5>Zielgruppen<\/h5>\n<p>Die Zivilgesellschaft allgemein aber im besonderen sprechen wir die Jugend und alle marginalisierten Gruppen wie Menschen mit Migrationshintergrund und \u00f6konomisch und sozial ausgegrenzte Menschen an. Dar\u00fcber hinaus versuchen Wir aber unser Kultur- und Bildungsangebot so zu gestalten das wir m\u00f6glichst viele Menschen ansprechen und mitnehmen k\u00f6nnen. Integrativ und Inklusive erm\u00f6glichen wir auch Menschen mit besonderem F\u00f6rderbedarf die Teilnahme an unseren Projekten.<\/p>\n<hr \/>\n<p><strong>Bisherige Unterst\u00fctzer:<\/strong><\/p>\n<ul>\n<li>Demokratie Leben Landkreis Rostock<\/li>\n<li>Filmclub G\u00fcstrow<\/li>\n<li>DRK Jugendclub Papendorf<\/li>\n<li>Jugendclub Alte Molkerei G\u00fcstrow<\/li>\n<li>Villa Kunterb\u00fcndnis G\u00fcstrow<\/li>\n<li>Malteser Sch\u00fcler Sanit\u00e4tsdienst<\/li>\n<li>Amadeu Antonio Stiftung \u2013 Initiativen f\u00fcr Zivilgesellschaft und Demokratische Kultur<\/li>\n<li>Ehrenamt Stiftung MV<\/li>\n<li>Fonds Soziokultur MV<\/li>\n<li>Bund Deutscher Pfadfinder_innen Mecklenburg-Vorpommern<\/li>\n<li>Children for a better World e.V.<\/li>\n<li>B\u00fcrgerinitiative Bunt statt braun e.V.<\/li>\n<li>Verein der Bundestagsfraktion die Linke e.V.<\/li>\n<li>DGB Jugend MV<\/li>\n<li>Rosa-Luxemburg-Stiftung MV<\/li>\n<li>Schule ohne Rassismus G\u00fcstrow<\/li>\n<li>Oase G\u00fcstrow<\/li>\n<li>Amandla e.V.<\/li>\n<li>Pro Bleiberecht<\/li>\n<li>AWO Yello Fun Box<\/li>\n<li>Stadtwerke G\u00fcstrow<\/li>\n<li>B\u00fcndnis ich seid keine Sicherheit<\/li>\n<li>Fl\u00fcchtlingshilfe G\u00fcstrow<\/li>\n<li>Landeszentrale f\u00fcr politische Bildung MV<\/li>\n<li>Europ\u00e4ischer Sozialfond ESF<\/li>\n<li>Europ\u00e4ische Union<\/li>\n<li>Soziale Bildung e.V.<\/li>\n<li>Rostock hilft e.V.<\/li>\n<li>Die Johanniter<\/li>\n<li>Einzelne Spender*innen<\/li>\n<li>VVN-BdA<\/li>\n<li>Wir Erfolg braucht Vielfalt MV<\/li>\n<\/ul>\n<hr \/>\n<p>&nbsp;<\/p>\n","protected":false},"excerpt":{"rendered":"<p>Unterst\u00fctzt uns, denn am 30.09.23 soll es ein &#8222;Rhythmus gegen Rassismus&#8220; in G\u00fcstrow geben. Ein Zeichen f\u00fcr Demokratie und Vielfalt, gegen Rechts und Menschenfeindlichkeit.\u00a0 Was soll passieren &#8222;Rhythmus gegen Rassismus\u201c ist ein ehrenamtlich organisiertes Konzert der RGR Lokalgruppe G\u00fcstrow, eine Gruppe bestehenden aus Jugendlichen und jungen Erwachsen. 2019 war das Projekt Teil der Stiftung &#8222;children &hellip; <a href=\"http:\/\/www.rockgegenrechts.com\/?page_id=4875\" class=\"more-link\"><span class=\"screen-reader-text\">Rhythmus gegen Rassismus<\/span> weiterlesen<\/a><\/p>\n","protected":false},"author":1,"featured_media":4937,"parent":4601,"menu_order":0,"comment_status":"closed","ping_status":"closed","template":"","meta":{"jetpack_post_was_ever_published":false,"footnotes":""},"class_list":["post-4875","page","type-page","status-publish","has-post-thumbnail","hentry"],"jetpack_shortlink":"https:\/\/wp.me\/P63KIm-1gD","jetpack_sharing_enabled":true,"_links":{"self":[{"href":"http:\/\/www.rockgegenrechts.com\/index.php?rest_route=\/wp\/v2\/pages\/4875"}],"collection":[{"href":"http:\/\/www.rockgegenrechts.com\/index.php?rest_route=\/wp\/v2\/pages"}],"about":[{"href":"http:\/\/www.rockgegenrechts.com\/index.php?rest_route=\/wp\/v2\/types\/page"}],"author":[{"embeddable":true,"href":"http:\/\/www.rockgegenrechts.com\/index.php?rest_route=\/wp\/v2\/users\/1"}],"replies":[{"embeddable":true,"href":"http:\/\/www.rockgegenrechts.com\/index.php?rest_route=%2Fwp%2Fv2%2Fcomments&post=4875"}],"version-history":[{"count":29,"href":"http:\/\/www.rockgegenrechts.com\/index.php?rest_route=\/wp\/v2\/pages\/4875\/revisions"}],"predecessor-version":[{"id":5551,"href":"http:\/\/www.rockgegenrechts.com\/index.php?rest_route=\/wp\/v2\/pages\/4875\/revisions\/5551"}],"up":[{"embeddable":true,"href":"http:\/\/www.rockgegenrechts.com\/index.php?rest_route=\/wp\/v2\/pages\/4601"}],"wp:featuredmedia":[{"embeddable":true,"href":"http:\/\/www.rockgegenrechts.com\/index.php?rest_route=\/wp\/v2\/media\/4937"}],"wp:attachment":[{"href":"http:\/\/www.rockgegenrechts.com\/index.php?rest_route=%2Fwp%2Fv2%2Fmedia&parent=4875"}],"curies":[{"name":"wp","href":"https:\/\/api.w.org\/{rel}","templated":true}]}}

<p><a title="Jetzt spenden für „" href="https://www.betterplace.org/de/projects/91338-rhythmus-gegen-rassismus-guestrow?utm_campaign=donate_btn&amp;utm_content=project%2391338&amp;utm_medium=external_banner&amp;utm_source=projects" target="_blank" rel="noopener"><img loading="lazy" decoding="async" style="border: 0px;" src="https://betterplace-assets.betterplace.org/static-images/projects/donation-button-de.png" alt="Jetzt Spenden! Das Spendenformular wird von betterplace.org bereit gestellt." width="160" height="100" /></a></p>
<p><strong>Unterstützt uns, denn am 30.09.23 soll es ein &#8222;Rhythmus gegen Rassismus&#8220; in Güstrow geben. Ein Zeichen für Demokratie und Vielfalt, gegen Rechts und Menschenfeindlichkeit. </strong></p>
<h5><strong>Was soll passieren</strong></h5>
<p>&#8222;Rhythmus gegen Rassismus“ ist ein ehrenamtlich organisiertes Konzert der RGR Lokalgruppe Güstrow, eine Gruppe bestehenden aus Jugendlichen und jungen Erwachsen. 2019 war das Projekt Teil der Stiftung &#8222;children for a better world&#8220; und unterstützten es mit ihrem Förderprogramm. Zudem hat der KiKa &#8211; Kinderkanal darum gebeten, dass sich die Initiative für den KiKa-Award 2020 bewerben soll. Leider ist die zutreffende Award-Kategorie Pandemiebedingt ausgeschlossen worden. Akteure der Gruppe wurden 2019 gecoacht, haben einen Preis bekommen und wurden zudem von der Stiftung &#8222;children dir a better world&#8220; für den Deutschen Ehrenamtspreis vorgeschlagen. Nachdem die Lokalgruppe Güstrow 2019 die erste Veranstaltung mit viel Medienpräsenz und Rückendeckung durch Organisationen und Landespolitik durchführte, möchte man aus gewonnenen Erfahrungen schöpfen und auch 2023 das Konzert, in diesem Jahr ohne Familienfest, organisieren. Es werden verschiedene Musikgruppen auftreten. Die Jugendlichen werden bei der Organisation von einem Gewaltpräventionstrainer begleitet und empowert.</p>
<p>&nbsp;</p>
<p><img loading="lazy" decoding="async" class="aligncenter size-full wp-image-5547" src="https://rockgegenrechts.bplaced.net/wp-content/uploads/2023/09/signal-2023-09-16-16-52-48-024.png" alt="" width="819" height="1024" srcset="https://rockgegenrechts.bplaced.net/wp-content/uploads/2023/09/signal-2023-09-16-16-52-48-024.png 819w, https://rockgegenrechts.bplaced.net/wp-content/uploads/2023/09/signal-2023-09-16-16-52-48-024-120x150.png 120w, https://rockgegenrechts.bplaced.net/wp-content/uploads/2023/09/signal-2023-09-16-16-52-48-024-240x300.png 240w" sizes="(max-width: 819px) 100vw, 819px" /></p>
<h5>Ziele</h5>
<p>Eine eigenständige Organisierung des Events durch die Jugendlichen</p>
<p>ein klares Zeichen gegen antidemokratische, rassistische und rechtsradikale Positionen für eine weltoffene, humanistische und tolerante Gesellschaft setzen<br />
lokale Kultur bereichern Attraktivität der Stadt für Jugend und den Tourismus steigern Aktivierung und Empowerment der Jugend interkulturellen Austausch fördern unsere RGR Güstrow Gruppe als Träger für demokratische und humanistische Kultur und Bildung etablieren Völkerverständigung fördern<br />
jungen Menschen und lokalen Initiativen eine</p>
<p><a title="Jetzt spenden für „" href="https://www.betterplace.org/de/projects/91338-rhythmus-gegen-rassismus-guestrow?utm_campaign=donate_btn&amp;utm_content=project%2391338&amp;utm_medium=external_banner&amp;utm_source=projects" target="_blank" rel="noopener"><img loading="lazy" decoding="async" src="https://betterplace-assets.betterplace.org/static-images/projects/donation-button-de.png" alt="Jetzt Spenden! Das Spendenformular wird von betterplace.org bereit gestellt." width="160" height="100" /></a></p>
<p>&nbsp;</p>
<h5>Zielgruppen</h5>
<p>Die Zivilgesellschaft allgemein aber im besonderen sprechen wir die Jugend und alle marginalisierten Gruppen wie Menschen mit Migrationshintergrund und ökonomisch und sozial ausgegrenzte Menschen an. Darüber hinaus versuchen Wir aber unser Kultur- und Bildungsangebot so zu gestalten das wir möglichst viele Menschen ansprechen und mitnehmen können. Integrativ und Inklusive ermöglichen wir auch Menschen mit besonderem Förderbedarf die Teilnahme an unseren Projekten.</p>
<hr />
<p><strong>Bisherige Unterstützer:</strong></p>
<ul>
<li>Demokratie Leben Landkreis Rostock</li>
<li>Filmclub Güstrow</li>
<li>DRK Jugendclub Papendorf</li>
<li>Jugendclub Alte Molkerei Güstrow</li>
<li>Villa Kunterbündnis Güstrow</li>
<li>Malteser Schüler Sanitätsdienst</li>
<li>Amadeu Antonio Stiftung – Initiativen für Zivilgesellschaft und Demokratische Kultur</li>
<li>Ehrenamt Stiftung MV</li>
<li>Fonds Soziokultur MV</li>
<li>Bund Deutscher Pfadfinder_innen Mecklenburg-Vorpommern</li>
<li>Children for a better World e.V.</li>
<li>Bürgerinitiative Bunt statt braun e.V.</li>
<li>Verein der Bundestagsfraktion die Linke e.V.</li>
<li>DGB Jugend MV</li>
<li>Rosa-Luxemburg-Stiftung MV</li>
<li>Schule ohne Rassismus Güstrow</li>
<li>Oase Güstrow</li>
<li>Amandla e.V.</li>
<li>Pro Bleiberecht</li>
<li>AWO Yello Fun Box</li>
<li>Stadtwerke Güstrow</li>
<li>Bündnis ich seid keine Sicherheit</li>
<li>Flüchtlingshilfe Güstrow</li>
<li>Landeszentrale für politische Bildung MV</li>
<li>Europäischer Sozialfond ESF</li>
<li>Europäische Union</li>
<li>Soziale Bildung e.V.</li>
<li>Rostock hilft e.V.</li>
<li>Die Johanniter</li>
<li>Einzelne Spender*innen</li>
<li>VVN-BdA</li>
<li>Wir Erfolg braucht Vielfalt MV</li>
</ul>
<hr />
<p>&nbsp;</p>

<p>Unterstützt uns, denn am 30.09.23 soll es ein &#8222;Rhythmus gegen Rassismus&#8220; in Güstrow geben. Ein Zeichen für Demokratie und Vielfalt, gegen Rechts und Menschenfeindlichkeit.  Was soll passieren &#8222;Rhythmus gegen Rassismus“ ist ein ehrenamtlich organisiertes Konzert der RGR Lokalgruppe Güstrow, eine Gruppe bestehenden aus Jugendlichen und jungen Erwachsen. 2019 war das Projekt Teil der Stiftung &#8222;children &hellip; <a href="http://www.rockgegenrechts.com/?page_id=4875" class="more-link"><span class="screen-reader-text">Rhythmus gegen Rassismus</span> weiterlesen</a></p>
